 Calculate the highest common divisor of a and 391.
17
Let l(j) = 5*j**2 - 51*j - 352. Let m be l(-5). Suppose d - 27 + 11 = 0. What is the greatest common divisor of m and d?
4
Suppose -u - 2*f + 74 = 0, -f + 327 = -5*u + 741. Calculate the highest common divisor of 4 and u.
2
Let k be (0*3/(-12))/(-1) + 3. Suppose -4*u + i + 124 = 0, i - 26 = -k*u + 2*u. Calculate the greatest common divisor of u and 114.
6
Let f(k) = -k**3 - 10*k**2 + 4*k - 23. Let b be f(-9). Let x be ((-756)/b)/((-6)/(-20)). Calculate the greatest common divisor of x and 60.
6
Let u be (-28)/7 - (-4 + 64). Let n be (u - -38)*6/(-4). What is the highest common factor of n and 429?
39
Suppose 122*m - m = -110*m + 2243703. Calculate the highest common divisor of m and 11.
11
Let i(q) = 2*q**2 + 11*q + 2. Let l be i(-8). Let h = -1410 + 1431. What is the greatest common divisor of h and l?
21
Let k(s) = s**3 - 31*s**2 + 7*s + 386. Let v be k(32). What is the highest common factor of 76 and v?
38
Suppose 3*x + 5*p - 213 - 102 = 0, -2*x - 2*p + 206 = 0. What is the highest common factor of 16900 and x?
100
Suppose -j + 4 + 11 = -17. Calculate the greatest common factor of j and 136.
8
Suppose 0 = -4*m - 16, 8*d + 3*m - 272 = 4*d. Let z = d + -65. Suppose -5 - 13 = -3*r. Calculate the highest common divisor of z and r.
6
Let a = -7730 + 8264. What is the greatest common factor of 42 and a?
6
Let l(x) = -x**2 + 10*x + 130. Let g = 363 + -347. Let w be l(g). Calculate the greatest common divisor of 68 and w.
34
Suppose 2*s + 5*d + 75 - 360 = 0, s - 150 = 5*d. What is the highest common divisor of 2610 and s?
145
Let t = -23 - -39. Let a = t + -13. Let s be 12 + 0/4 - 3. Calculate the greatest common divisor of s and a.
3
Let q = 24 + -42. Let o(u) = u + 20. Let n be o(q). Suppose -n*h + 2 = -6. Calculate the highest common factor of 4 and h.
4
Suppose -5*m = -3*y + 12020 + 1495, -2*m - 12 = 0. What is the greatest common divisor of 31 and y?
31
Let o be (-149536)/(-80) + (-1)/5. Calculate the greatest common divisor of o and 14.
7
Let r be 306 + (-3 - 2) - 4/1. Suppose -r = -2*t - 9*t. Let g(d) = 7*d**2 + 2*d + 4. Let q be g(5). What is the greatest common factor of q and t?
27
Let s = -908 + 989. Calculate the greatest common factor of s and 3888.
81
Let p = -69 + 103. Suppose 4*g = -2 + p. Suppose -g*r = -3*r - 115. What is the greatest common divisor of 46 and r?
23
Suppose 5*g - 63 = 2*r, 3*g - 2*r - 37 = -0*r. Let b = 29286 + -29260. What is the highest common factor of b and g?
13
Suppose 2323 - 343 = 20*w. Suppose 2*b = -0*l - 4*l + 314, 3*l = b + 228. What is the greatest common factor of l and w?
11
Suppose -50*l + 2 = -49*l. Suppose 35*b - 36*b + 2 = 0. Calculate the highest common factor of b and l.
2
Let c be 16/(-36) - 7350/(-378). Calculate the highest common factor of 47 and c.
1
Suppose g = r - 159, g - r = 4*r - 167. Let o = g + 163. What is the highest common factor of o and 192?
6
Let i = 366 + -174. What is the greatest common factor of 114 and i?
6
Suppose b + 4 = 5. Let k = -157 - -165. Suppose -6*o - k = -56. Calculate the greatest common factor of b and o.
1
Suppose -o - 12 = -z, 17*o = z + 13*o - 12. Suppose 2*x + 3*u + z = x, -u = 2*x - 1. Calculate the highest common factor of x and 141.
3
Let m = 1919 - 1901. Calculate the greatest common factor of 9 and m.
9
Let n(l) = 568*l**2 - 85*l + 84. Let u be n(1). What is the highest common factor of 42 and u?
21
Suppose -37*w - 11398 + 52153 + 120380 = 0. What is the highest common divisor of w and 91?
13
Suppose -4*t - x = -16, 0 = x + 11 - 7. Suppose v = 4*u + 50, -t*v - 2*u + 267 = -5*u. What is the highest common divisor of 2 and v?
2
Let w(h) = -2*h**2 - 4*h + 88. Let m be w(-6). Let s = 197 + -109. Calculate the highest common factor of s and m.
8
Let m(a) = 1753*a - 7183. Let j be m(43). What is the highest common factor of 12 and j?
12
Suppose 3*q + 76 = -5*m, -q = 2*m + 2*m + 30. Suppose 5*a + 4*c = -188, a + c = -c - 34. Let s = q - a. What is the highest common factor of 54 and s?
18
Let f(z) = z**2 - 15*z + 27. Let p be f(11). Let d be (-1 + p)*12/(-24). Suppose -b + d - 7 = 0. What is the greatest common divisor of 14 and b?
2
Let a(u) = 45 + 3*u**3 + 0*u**3 - 2*u**3 + 2*u - 7*u**2. Let x be a(0). Calculate the greatest common factor of x and 5.
5
Let y(k) = 2*k**2 + 5*k + 1. Let g be y(-4). Suppose -g*s + 8*s = -2080. Calculate the highest common divisor of s and 32.
32
Let u be (-2*(-3)/(-2))/(-1). Suppose 111 = -u*k + 6*k. Let l(z) = -288*z - 6328. Let i be l(-23). Calculate the highest common divisor of i and k.
37
Suppose 0 = 4*o - 4*n - 160, -6*o + 3*o - 5*n = -88. Let r = 150 - 24. What is the highest common factor of o and r?
18
Let h be (30/90)/(((-30)/(-288))/5). Calculate the highest common divisor of h and 5008.
16
Let d be 2/5 - 1184/(-200)*5. What is the highest common factor of d and 1725?
15
Suppose -1734 + 942 = -6*g. Calculate the greatest common divisor of 286 and g.
22
Let b be ((-10)/6)/((-35)/21). Suppose l = -b - 3, -3*a + 82 = -4*l. Calculate the greatest common divisor of a and 22.
22
Let f = -311 + 324. Let a(w) = w**3 - 14*w**2 + 17*w - 45. Let x be a(f). What is the greatest common divisor of 77 and x?
7
Let u be 6 + (-80)/15 + (-4124)/(-6). Suppose 3*s = 2*j + u, 5 = 2*j - 3. What is the greatest common factor of 29 and s?
29
Suppose 2*n + 129 - 3077 = 0. Suppose 163*w = 152*w + n. What is the highest common divisor of 335 and w?
67
Let l be (-12)/7*(-84)/2. Suppose x = 7*x - l. Let a = 237 - 33. Calculate the highest common factor of a and x.
12
Let k = -19232 - -19754. Calculate the highest common factor of k and 108.
18
Suppose 36 - 36 = 4*h. Suppose h = 2*o - 9*o - 511. Let p = -72 - o. Calculate the highest common divisor of p and 1.
1
Let j = 6 - -6. Suppose -a - 434 = -4*w, -4*w + 6*a - a = -442. What is the highest common divisor of j and w?
12
Let c(q) = q**2 - 11*q + 4. Let u be c(7). Let l be (-1*u/66)/((-4)/(-22)). Calculate the greatest common divisor of 58 and l.
2
Suppose -k - 3650 = -2*f + 4067, f + 3*k = 3876. Calculate the greatest common divisor of f and 2106.
351
Suppose k - 15 = 14. Let q(a) = 6*a + 73. Let l(i) = 7*i + 75. Let z(b) = -2*l(b) + 3*q(b). Let w be z(-10). What is the greatest common divisor of w and k?
29
Let w = -5226 + 5218. Let g(u) be the second derivative of -u**4/12 - 7*u**3/6 + 9*u**2 - u. Let r be g(w). Calculate the highest common divisor of r and 30.
10
Let o(n) = 8*n**3 - 46*n**2 + 4*n - 11. Let v be o(7). Calculate the highest common factor of v and 169.
169
Let n = 151 - -313. Let a = n - 460. Calculate the highest common divisor of a and 44.
4
Let r(f) = 70*f + 791. Let t be r(-11). What is the highest common factor of 2009 and t?
7
Let a = -5503 - -5542. Suppose -267 = 4*r - r. Let n be a/52 + r/(-4). Calculate the greatest common divisor of 46 and n.
23
Suppose -67*s = -27*s + 73*s - 15594. Calculate the highest common factor of 7590 and s.
138
Suppose -28*x = -32*x + 264. Suppose -13*p - x + 352 = 0. Suppose 0 = 27*b - p*b - 25. Calculate the highest common divisor of b and 5.
5
Suppose 4*u + t - 410 = -t, 230 = 2*u - 4*t. Let f(o) = o**2 + 5*o - 9. Let h = 14 + -22. Let g be f(h). What is the greatest common divisor of g and u?
15
Let u(t) = 3*t - 15. Suppose 0*i - 24 = -4*i. Let c be u(i). Let w be c/(-9)*-6 + 70. What is the highest common divisor of w and 8?
8
Suppose -36*f = 148*f - 123648. Calculate the greatest common factor of 147 and f.
21
Suppose 8*j - 147 = -115. Suppose 32 = 4*v + j. Let a(n) = 62*n**2 - 2*n - 1. Let o be a(-1). What is the highest common divisor of v and o?
7
Let h be 110/(-25) + 5 - (-67)/5. Suppose 0 = h*n - 11*n - 84. Suppose -n = u - 3*u - 5*z, z = -u + 14. What is the greatest common factor of u and 126?
14
Suppose 3*w + 121 + 29 = 0. Suppose -6*p = -5*l - 10*p + 162, -4*p - 76 = -2*l. Let a = l - w. What is the greatest common divisor of 12 and a?
12
Suppose -28 = 9*w - 13*w. Suppose w*t - 114 = 138. Calculate the greatest common factor of t and 4.
4
Let k = -54 - -58. Suppose 4*p + 4*x - 28 = 0, -4*p + x + 46 = -k*x. Suppose 0 = -3*m + p + 36. What is the greatest common divisor of m and 20?
5
Suppose 9349*y = 9343*y + 420. What is the greatest common divisor of y and 20?
10
L